h = y + -4. Let l = 28 - h. What is the remainder when l is divided by 13?
12
Suppose 0 = -2*o - 0*o + 10. Suppose -o*w + d + 4 = -120, 0 = 3*d - 3. What is the remainder when w is divided by (9/4)/(2/8)?
7
Suppose z = -3*z + 144. Calculate the remainder when z is divided by 19.
17
Let u(g) = -g - 14. Let d be u(-14). Suppose d*o - 35 = -o. Calculate the remainder when o is divided by 18.
17
Suppose -n + 102 = -0*n. Let g = n + -68. Let d(s) = -18*s. What is the remainder when g is divided by d(-1)?
16
Calculate the remainder when (-2 + (-183)/(-9))*3 is divided by 1 - (2 + -22 - -2).
17
Let o be 2 - (-1 + 1 + 9). Let d = o - -48. What is the remainder when d is divided by 14?
13
Suppose 3*k + 4*x = 35, 3*k - 17 = 4*x + x. Suppose 4*u + p = 7, -5*u + 3*p + 2*p = -40. What is the remainder when k is divided by u?
0
Let p be (-50)/(-15)*(-12)/10. Let t be ((-10)/p)/(2/(-4)). Let h = t + 9. Calculate the remainder when h is divided by 2.
0
Let d = -115 + 162. What is the remainder when d is divided by 16?
15
Let r(x) = -x + 1. Let t(j) = -7*j + 7. Let l(n) = 6*r(n) - t(n). Let g be l(3). Calculate the remainder when 33 is divided by -2*(0 - 9/g).
6
Let r = 4 - -5. What is the remainder when 35 is divided by r?
8
Suppose -i - 2*i + 18 = 0. Calculate the remainder when 4 is divided by i/21 - (-12)/7.
0
What is the remainder when 10 is divided by ((0 - 4) + (-30)/(-4))*2?
3
Let j(l) = l + 4. Suppose -3*o = -10 - 35. Suppose -3*v + 27 = 5*h - 0*h, -h - 3*v + o = 0. What is the remainder when 12 is divided by j(h)?
5
Let q(y) = y**3 - 3*y**2 - 4*y + 5. Suppose 2*a - 4*a + 8 = 0. What is the remainder when 9 is divided by q(a)?
4
Let o(l) = -91*l + 8. What is the remainder when o(-2) is divided by 32?
30
Suppose 4*b + 6 = -18. Let h(t) be the third derivative of -t**4/6 - 7*t**3/6 + 2*t**2. What is the remainder when 33 is divided by h(b)?
16
Suppose 2*q + u = 6*q - 9, -3 = -2*q - u. Calculate the remainder when 25 is divided by (14/2)/(1/q).
11
Let u(l) = -l + 1. Let g be u(-2). Calculate the remainder when 31/g - 1/3 is divided by 6.
4
Let y(r) = 24*r - 1 - 22*r - 7. What is the remainder when 6 is divided by y(6)?
2
Let r = -91 + 164. What is the remainder when r is divided by 40?
33
Let w(o) = -o**2 + 4*o - 2. Let y be w(4). Suppose -i - 4*i + 60 = 0. Let d = y + i. What is the remainder when 18 is divided by d?
8
Suppose -n + 5*i + 25 = 0, 4*n + i - 16 = -0*i. Let j = 15 - 11. Calculate the remainder when n is divided by j.
1
Let v(c) = -2*c**3 + 2*c**2 - 7*c - 4. Let a(d) = -d**3 + d**2 - 4*d - 2. Let q(y) = 5*a(y) - 3*v(y). What is the remainder when q(4) is divided by 11?
10
Let z = 77 + -57. Let n(m) = -2*m - 17. Calculate the remainder when z is divided by n(-12).
6
Let p(h) = -3*h. Let u be p(-1). Suppose -u*z + 168 = 2*z - 2*w, 0 = -5*z + 4*w + 176. What is the remainder when z is divided by 11?
10
Let k be 5/(-1)*4/(-2). Let a(z) be the third derivative of z**6/120 - z**5/6 - z**4/24 + 2*z**3 - 4*z**2. Calculate the remainder when 5 is divided by a(k).
1
Let z = 38 + 6. Suppose 103 = 3*l - z. Let t = l - 5. What is the remainder when t is divided by 15?
14
Suppose 6*q - 4*q - 6 = 2*v, -2*v - 27 = -5*q. What is the remainder when q is divided by 3?
1
Suppose 3*s - 10 = 2*s. Calculate the remainder when 27 is divided by s.
7
Calculate the remainder when 91 is divided by ((-4)/(-16))/(6/552).
22
Suppose -5*v - 45 = -5*m - v, 5*m = -5*v. Suppose m*c = 4*c + 10. What is the remainder when 29 is divided by c?
9
Let s(t) = -t**2 + 1. Let m be s(1). Suppose -v + k + 3 = 0, m*v + 5*k + 8 = -2*v. What is the remainder when 2 is divided by v?
0
Suppose 0 = 2*v + 3*v - 330. Let w = -27 + v. What is the remainder when w is divided by 14?
11
Let y = -12 + 49. Calculate the remainder when 73 is divided by y.
36
Let w(j) = j**3 - 4*j**2 - j + 4. Let p be w(5). Calculate the remainder when (-1 + 5)/((-2)/(-13)) is divided by (-16)/p + (-88)/(-6).
12
Let f(t) = t + 13. Suppose 1 = -2*q + 7. Suppose 0 = -2*c + 5 + q. What is the remainder when f(-7) is divided by c?
2
Let m = 7 + -3. Suppose -r + 15 = m*p, 120 = 2*r + 2*r + 4*p. What is the remainder when r is divided by 12?
11
Let m be ((-4)/4)/(2/(-6)). Suppose r - 2*o - 34 = -3*o, -5*r + m*o = -154. Let p = -19 + r. Calculate the remainder when 24 is divided by p.
11
Let d = -4 - -27. Calculate the remainder when d is divided by 6.
5
Suppose 5*t + 2*f = 2, -2*t - 2*f - 16 = 3*f. Suppose 5*b + 5*d - 102 = d, -12 = -4*d. Let y = b - t. What is the remainder when 46 is divided by y?
14
Let h be (-3)/3*89*1. Let l = 150 + h. Calculate the remainder when l is divided by (-275)/(-13) - 116/754.
19
Suppose 0*v - 67 = -v - 5*f, 3*v = -4*f + 168. What is the remainder when v is divided by 11?
8
Let x(n) = -n**2 + 8*n + 2. Let v be x(8). What is the remainder when (1/v)/((-3)/(-78)) is divided by 7?
6
Let t = 78 - 8. What is the remainder when t is divided by 24?
22
Let g be (3 + 1 - 0) + 0. Suppose 0 = -4*q + 3*f + 29, -4*f + 5 = g*q + f. Calculate the remainder when q is divided by 3.
2
Let o = 2 - -2. Suppose 9*m - 70 = o*m. Suppose -5*i + 41 + m = 0. What is the remainder when 43 is divided by i?
10
Let b(a) = -2*a**3 + a**2 - a - 3. Let t be b(-3). Let c = t + -42. Suppose c = 4*y - 15. Calculate the remainder when 33 is divided by y.
6
Suppose -5*g - 9 - 16 = 0. Let r(c) = -38*c. What is the remainder when r(-1) is divided by ((-4)/g)/((-1)/(-25))?
18
Suppose -2*b - 5 = -33. Let n = 14 + -10. What is the remainder when b is divided by n?
2
Suppose 7*g - 11*g = -216. What is the remainder when g is divided by ((-7)/3)/(2/(-12))?
12
Let i = 321 - 306. Let g = 78 + -51. What is the remainder when g is divided by i?
12
Let c(k) = -k**3 - 11*k**2 - 13*k + 8. What is the remainder when 111 is divided by c(-10)?
35
Let g(w) = -w**2 + 6*w - 2. Suppose 0 = 4*v - 8 - 8. Calculate the remainder when g(v) is divided by 2.
0
Suppose -2*d + 0*y + 56 = -2*y, 0 = -d + 3*y + 30. What is the remainder when 53 is divided by d?
26
Let q = 125 + -36. What is the remainder when q is divided by 24?
17
Let z(h) = h**3 - 6*h**2 - 13*h + 12. Calculate the remainder when z(8) is divided by 13.
10
Let z(u) be the third derivative of -u**5/60 - 3*u**4/8 + 4*u**3/3 - 2*u**2. What is the remainder when 22 is divided by z(-9)?
6
Let g(k) = 3*k**2 - 8*k + 4. Calculate the remainder when g(6) is divided by 13.
12
Let i = 5 - 2. Suppose -3*a - 17 = -4*h + 2*a, -i*h + 3*a = -15. Let z(p) = 2*p**2 - 4*p - 2. Calculate the remainder when z(4) is divided by h.
6
Let s = 51 + -36. Let d(x) = -x**2 + 10*x - 5. Let f be d(8). Let r(k) = k - 3. Calculate the remainder when s is divided by r(f).
7
Suppose -2*p = 5*z - 230, -2*p + 3*p = 0. Calculate the remainder when 90 is divided by z.
44
Let c = -8 - -39. Calculate the remainder when c is divided by 16.
15
Let r(v) = -2*v**2 - 13*v + 15. Calculate the remainder when 68 is divided by r(-7).
4
Let m = 16 - 9. What is the remainder when m is divided by 4?
3
Let f = 9 + 30. Calculate the remainder when f is divided by 14.
11
Let r(l) = 8*l**3 - 2*l**2 + 2*l - 1. Let p(m) = m**2 - 3*m - 7. Let v be p(5). Calculate the remainder when r(1) is divided by 5 - (5 + 1)/v.
1
Suppose -4*o + q + 10 = -49, 2*q = -o + 8. What is the remainder when 25 is divided by o?
11
Suppose 0*w - 60 = -4*w. Calculate the remainder when 55 is divided by w.
10
Suppose 11*m = 44 + 154. Suppose 0 = 2*c + k - 12, -3*c - k = 3*k - 13. What is the remainder when m is divided by c?
4
Let w be 6*1/4*-2. Let y(r) = 2*r**2 + 1. What is the remainder when 35 is divided by y(w)?
16
Suppose -3*h + 7*h - 56 = 0. Calculate the remainder when 96 is divided by h.
12
Suppose 6*p - 5*p - 12 = 0. Calculate the remainder when 34 is divided by p.
10
Let k(l) = -l**3 - 15*l**2 + 14*l - 19. What is the remainder when k(-16) is divided by 5?
3
Let k = -12 - -37. Let h(v) = -v**2 - 8*v - 4. Let j be h(-8). Let x(w) = -w**2 - 7*w + 1. What is the remainder when k is divided by x(j)?
12
Suppose -n = 4, -4*t + 14 + 10 = n. Let h = 82 + -57. What is the remainder when h is divided by t?
4
Let k(r) = -42*r - 3. Calculate the remainder when k(-1) is divided by 8.
7
Suppose 4*u = -17 + 53. Let v(m) = m**3 + 2*m**2 + 3*m - 3. Let l be v(-3). Let f = 37 + l. 